**2 - 1. Suppose 18*a = 23 + 13. Let v(t) = a*r(t) - h(t). Give v(5).
-11
Let m = -158 - -164. Let v(x) = x**2 - 6*x + 6. Give v(m).
6
Let x(z) = z**3 + 3*z**2 + 2*z + 1. Suppose y + 1 = -2*a - 5, 0 = a - 2*y + 3. Determine x(a).
-5
Let t be (-3)/(-1) - ((-22)/(-2) - 2). Suppose 2 = -3*x - 1, -4 = -2*s - 2*x. Let v(l) = -l**2 + s + 4 - 7*l - 5 - 6. Determine v(t).
2
Let z = 8 - 8. Let c = 6 + z. Let r(o) = -10 + o - 4 + 5 + 7. Calculate r(c).
4
Let x be ((-1)/(-2) - 0)*0. Suppose -19*s + 13*s + 54 = x. Let d(y) = y**2 - 9*y - 6. What is d(s)?
-6
Suppose 11 = -5*u + 41. Suppose -12 = v + 4*o, 0 = 2*v + 2*o + o + 4. Suppose v*g - u = g. Let m(q) = q**3 - 2*q**2 + 4*q - 3. Determine m(g).
5
Let v = 216 - 92. Let a = v + -123. Let j(p) = -p + 1 + 0*p - 8*p. Determine j(a).
-8
Let w(u) = -4*u**2 + 2*u - 4. Let i be w(2). Let c be 120/i + (-1)/(-2). Let s(z) = z**2 + 6*z - 3. Determine s(c).
4
Let b(x) = x**2 - 3*x + 4. Suppose -5*w - 22*y = -17*y - 10, y - 4 = -3*w. Determine b(w).
2
Let k(i) = -12*i**3 + 2*i - 6. Let a(m) = -1. Let h(y) = -5*a(y) + k(y). Let v(d) = -d - 6. Let f be v(-7). Let l be ((-4 + 2)/(-2))/f. Give h(l).
-11
Suppose 3*m = -2*k - 12 - 16, -3*m - 3*k = 33. Let a(h) = h**3 + 6*h**2 + 3*h + 19. Let d be a(m). Let z(p) = -3*p**3 - 2*p + 1. Give z(d).
-4
Suppose 3*y - 2 = -5*c, -8 - 10 = -2*y + 5*c. Suppose y*z - 13 = 11. Let u(f) be the second derivative of -f**4/12 + 7*f**3/6 + 3*f**2 - 223*f. Determine u(z).
12
Let o = -18 - -24. Let d(b) = 0*b + 3*b**3 - b**2 - 4*b**2 - 6*b + o - 2*b**3. Suppose 5*f + 2 = 32. Calculate d(f).
6
Let i(y) = y**3 - 3*y**2 - 3*y - 3. Let v be 6/15 + (-40)/(-25). Suppose b + 4 = v*b. Let w be i(b). Let s(j) = 2*j**2 - j. Determine s(w).
1
Suppose v = -0*v + 6. Suppose -2*x - 3*i = -27, -5*x - 3*i + v = -39. Let p(u) = 7 - 7*u - 7 + u**2 + 4. Calculate p(x).
-2
Let c = 49 + -23. Let u = c - 21. Let f(v) = 3*v**2 - 2*v + 2. Let t(o) = -2*o**2 + o - 3. Let h(y) = -3*f(y) - 4*t(y). Give h(u).
-9
Let h(k) = -k**3 - 5*k**2 - 4*k - 2. Let a(j) = -j**3 + 5*j**2 - 7*j + 5. Let p be a(4). Let x = -3 - p. Suppose -d + 3*d = -x. What is h(d)?
-6
Let p = -80 + 77. Let v(j) = -j**3 - j**2 + 3*j - 3. Give v(p).
6
Let k(d) = 2*d**2 + 9*d - 14. Suppose y - 5*y - 24 = 0. Give k(y).
4
Let p(j) = -j + 0*j - 12 + 4*j - 2*j + j. What is p(3)?
-6
Suppose 34*b = 3*b + 217. Let y(h) = -5*h - 1. What is y(b)?
-36
Let z be (10 + -2)/((-6)/(-3)). Let c(s) = 2*s**2 - z - s**2 + 3 - 2 - s. Give c(0).
-3
Let w(v) be the third derivative of -v**5/60 + v**4/12 + v**3/6 - 4*v**2 + 83. Let o = -2 + 1. Calculate w(o).
-2
Let r(q) = -4*q + 13. Let o(n) = 3*n - 12. Let k(f) = 3*o(f) + 2*r(f). Let i be 4/(-26) + 6789/949. Calculate k(i).
-3
Suppose -4*v - 5*g = -31, -3*g - g - 13 = -v. Let p = v + -6. Let s(j) = -9 + 0 + j + 7 - p. Give s(6).
1
Let o(i) = i. Let k(q) = -3*q**2 - 37*q - 11. Let f(v) = k(v) + 3*o(v). Let s be f(-11). Let y(j) = -j**3 + j**2 - 5. What is y(s)?
-5
Let q(i) be the third derivative of i**6/120 - i**5/5 + 11*i**4/24 + 7*i**3/3 + 26*i**2 + 2*i. Give q(11).
14
Let p(u) = -u**2 - 12*u - 28. Suppose -5*g + 4*y - 8 - 15 = 0, 2*y + 2 = -2*g. Determine p(g).
-1
Let c(f) = f**3 - 5*f**2 + 5*f - 3. Let x(t) = t**2 + 2*t - 6. Let y be x(4). Let g = -15 + y. Let j be g + 4/12*0. Determine c(j).
-6
Let g(z) = -3*z + 2. Let b be (4/3)/(((-120)/(-18))/10). Suppose -o = -3*r, -o + b + 2 = r. What is g(o)?
-7
Let n be ((-2)/(-3))/(1/(-3)). Let w be (8 - 3)*(-2)/n. Let v(d) = -3*d**2 + 6*d**2 - 4*d**2 - 6*d + w. Give v(-5).
10
Let g(x) = -x**3 - 4*x**2 + 5*x - 6. Suppose -20*j + 17*j - 3*c = 15, -2*c = -4*j - 20. Give g(j).
-6
Let c(x) = 9 - x**2 - 3 - x**2 + 7 - 31*x. Determine c(-16).
-3
Let l(w) be the first derivative of w**2 + w + 55. Calculate l(-2).
-3
Let m = 11 + -8. Let t(n) = -n**2 + 2*n - 2. Let p(r) = r**2 - 3*r + 3. Let q(o) = m*p(o) + 5*t(o). Let g = -57 - -58. What is q(g)?
-2
Suppose -15 = -0*x + 5*x - t, 2*x + 18 = -2*t. Let q(o) = 5 - 83*o**2 - o**3 + 2*o + 79*o**2 - 2. Determine q(x).
-5
Let m(u) = u**2 - 7*u - 6. Let h be m(8). Let f(i) = i**h + 0 + 25*i**3 - 18*i**3 + 0. Calculate f(-1).
-6
Suppose -9 = -2*d + d + m, -5 = m. Suppose -2*z = -z - d. Let j(n) = n**2 - n + 1. Let h(w) = 3*w**2 - 9*w + 8. Let v(x) = -h(x) + 2*j(x). What is v(z)?
6
Let v(z) be the third derivative of -z**9/60480 - z**8/4032 - z**7/1680 + z**6/720 + 2*z**5/5 + 43*z**2. Let q(s) be the third derivative of v(s). Give q(-4).
-3
Let i = 17 + -10. Suppose 3*p - j = i - 1, p = -4*j + 2. Suppose -p*b - 2*m - 18 = -0*b, 3*m = -12. Let f(v) = -v**2 - 4*v + 7. What is f(b)?
2
Let w(o) = 5*o**2 - 6. Suppose -m = r - 11, 5*r = m - 2*m + 11. Suppose 0 = 2*n - 0*n - 12. Let c(l) = -9*l**2 - l + 12. Let z(v) = m*w(v) + n*c(v). Give z(4).
-2
Let j(n) = -n**3 + 4*n**2 + 3*n - 2. Let b = 44 - 40. What is j(b)?
10
Let x(u) = -u**3 + 5*u**2 - u. Let r = 53 + -28. Suppose -r*n + 23*n = -10. Suppose p + 22 = 4*b, -n*b + p = -2*p - 31. What is x(b)?
-5
Let c be (4/16)/(3/(-12)). Let r be (10/4)/(c/(-2)). Suppose t - r*p = -4, -3*t + p + 4 = 2*t. Let d(q) = -12*q - 1. Give d(t).
-13
Let n(p) = 13*p**3 - 4*p**2 + 7. Let m(k) = -11*k**3 + 3*k**2 - 5. Let d(j) = -6*m(j) - 5*n(j). Give d(-2).
-5
Let q(m) = 2*m**3 - 4 - 4*m**2 + 3 - 3*m - 4*m**3 + 6*m + 6*m**2. Give q(3).
-28
Let i(x) = x - 3. Let f(p) = p**2 + 7*p - 4. Let j be f(-7). Let o be (j - 0) + (-1 - (5 + -3)). Determine i(o).
-10
Let v be (4/10)/((-1)/5). Let n(r) = r + 4. Let d be n(-3). Let k(o) = o + d + 2*o + 1. Determine k(v).
-4
Let y(d) = -d**3 + 20*d**2 + 154*d + 49. Let t be y(26). Let l(u) = u**3 + 2*u**2 + u. Calculate l(t).
-12
Let b(s) = -s**2 + 10*s + 16. Let j = 167 + -156. Determine b(j).
5
Suppose -21*l = -14*l - 28. Let m(y) = -y**3 + 3*y**2 + 2*y - 3*y + 6*y. What is m(l)?
4
Suppose 2*y - 3*t = -0*t - 13, 5*y + 4*t = -21. Let i(h) be the second derivative of -h**3/3 + 3*h**2/2 + 3*h + 101. Calculate i(y).
13
Let i(z) = z**3 - 3*z**2 + 1. Let t be 158*1/22 - 4/22. Suppose -2*c = g - 2, 2*g + 4 = c - t. Determine i(c).
1
Let c(j) = j - 5. Let o be (4/6)/(4/(-18)). Let x = -3 - o. Calculate c(x).
-5
Let t(p) be the third derivative of p**7/1680 - p**6/80 - 5*p**5/12 - 44*p**2. Let h(i) be the third derivative of t(i). Give h(6).
9
Let u(n) = n + 8. Suppose 3*p = 6*p - 12. Suppose p*x = -95 - 37. Let i be 38/(-95) - x/(-5). Determine u(i).
1
Let z be (-804)/(-28) + 4/14. Suppose 11 = 3*o + z. Let h(g) be the second derivative of -g**5/20 - g**4/2 + 4*g**2 + 3*g. Calculate h(o).
8
Let q(o) be the third derivative of 1/24*o**4 + 0*o + 0 - 5*o**2 - 1/6*o**3. Suppose -4*x = 8, 3*j + 14 = -3*x - 1. Calculate q(j).
-4
Let m(c) = -c - 4. Suppose 5*p = 9*p - 5*i + 9, -3*p - 8 = -4*i. Let t be m(p). Let l(f) = -f**3 - 8*f**2 - 5. Give l(t).
-5
Let j(r) = -5*r**2 - 9*r + 5. Let o(q) = q**2 - q - 2*q**2 + 0 + 1. Let c be 6 + 5 + -7 - 5. Let h(d) = c*j(d) + 6*o(d). Give h(3).
1
Let y(l) = 2*l**3 + 7*l**2 - 13*l - 6. Let z(x) = -x**3 - 3*x**2 + 6*x + 3. Let t(r) = 2*y(r) + 5*z(r). Let w = 9 + -4. Suppose 2*m = w*m + 6. Determine t(m).
-1
Suppose 121*w - 117*w = 28. Let u(z) = -z**3 + 5*z**2 + 10*z - 5. Calculate u(w).
-33
Let c(m) = -m**3 - m**2 + m - 2. Let l be (-32)/144 + (-122)/18. Let x be 1/l + 48/(-7). Let n(h) = h**2 + 8*h + 7. Let a be n(x). Determine c(a).
-2
Let d(z) = z**3 - 7*z**2 - 2*z + 11. Let b be 28/16*(0/(-1) - -4). What is d(b)?
-3
Suppose -4*a = -13 - 35. Let o be (5 - -1) + 2/8*a. Let g(j) = j**3 - 8*j**2 - 7*j - 13. Calculate g(o).
5
Let a(b) = -b**2 + 10*b - 1. Let f(s) = -4*s - 19. Let t be f(-7). What is a(t)?
8
Let t(k) = k**2 - 6*k + 1. Suppose -5*w + 15 = -0*w. Calculate t(w).
-8
Let b(o) = 3*o**2 - 3*o + 1. Suppose 3*h = 3*j - 288, 4*j - 2*j = -2*h + 192. Let p = j - 94. Determine b(p).
7
Let n be 2/(1/2 + (-9)/54). Let y(c) = -n*c**2 - c**3 - 5 + 0*c**2 - 2*c + 0*c**2. What is y(-6)?
7
Let x(w) = w**3 - 10*w**2 + 11*w - 20. Let g(o) = -o**2 - 59*o + 69. Let t be g(-60). Calculate x(t).
-2
Let i(k) = k**2 - k - 18*k + 13*k + 4. Let r(n) = -5*n**3 + 2*n - 1. Let b be r(1). Let j be (-6)/b*(3 - 1). What is i(j)?
-5
Let y(s) = s**3 - 5*s**2 - 7*s + 3. Let d = -244 - -250. What is y(d)?
-3
Let h = -30 + 32. Let l(u) = -4*u + 2. Determine l(h).
-6
Let q(j) = -3*j**3